s digit of 39815?
9
What is the thousands digit of 49039?
9
What is the thousands digit of 1265?
1
What is the thousands digit of 17490?
7
What is the hundreds digit of 20175?
1
What is the hundreds digit of 7931?
9
What is the thousands digit of 12982?
2
What is the thousands digit of 9086?
9
What is the units digit of 5906?
6
What is the tens digit of 21486?
8
What is the tens digit of 12226?
2
What is the thousands digit of 159830?
9
What is the hundreds digit of 1152?
1
What is the thousands digit of 1945?
1
What is the units digit of 5972?
2
What is the units digit of 8392?
2
What is the tens digit of 1974?
7
What is the units digit of 1443?
3
What is the hundreds digit of 7883?
8
What is the thousands digit of 19688?
9
What is the ten thousands digit of 34366?
3
What is the hundreds digit of 968?
9
What is the tens digit of 6961?
6
What is the hundreds digit of 5469?
4
What is the units digit of 31330?
0
What is the units digit of 98528?
8
What is the units digit of 54999?
9
What is the units digit of 41?
1
What is the hundred thousands digit of 143203?
1
What is the hundreds digit of 83215?
2
What is the tens digit of 18945?
4
What is the hundreds digit of 4139?
1
What is the units digit of 937?
7
What is the hundreds digit of 7653?
6
What is the units digit of 60?
0
What is the units digit of 719?
9
What is the units digit of 3762?
2
What is the tens digit of 8448?
4
What is the thousands digit of 2489?
2
What is the tens digit of 15733?
3
What is the hundreds digit of 2045?
0
What is the hundreds digit of 3606?
6
What is the thousands digit of 106925?
6
What is the thousands digit of 6027?
6
What is the tens digit of 42536?
3
What is the ten thousands digit of 16468?
1
What is the tens digit of 49128?
2
What is the thousands digit of 74429?
4
What is the ten thousands digit of 25240?
2
What is the units digit of 13208?
8
What is the units digit of 10898?
8
What is the tens digit of 42?
4
What is the ten thousands digit of 58883?
5
What is the ten thousands digit of 66329?
6
What is the hundreds digit of 1589?
5
What is the units digit of 13423?
3
What is the units digit of 1820?
0
What is the units digit of 622?
2
What is the thousands digit of 1525?
1
What is the units digit of 64?
4
What is the thousands digit of 15149?
5
What is the units digit of 80556?
6
What is the tens digit of 16499?
9
What is the hundreds digit of 5296?
2
What is the units digit of 35925?
5
What is the units digit of 510?
0
What is the units digit of 6958?
8
What is the hundreds digit of 3996?
9
What is the tens digit of 2754?
5
What is the units digit of 686?
6
What is the hundreds digit of 884?
8
What is the hundreds digit of 3539?
5
What is the hundreds digit of 459?
4
What is the units digit of 2363?
3
What is the ten thousands digit of 15044?
1
What is the units digit of 3069?
9
What is the hundreds digit of 14538?
5
What is the ten thousands digit of 12668?
1
What is the units digit of 19267?
7
What is the hundreds digit of 696?
6
What is the hundreds digit of 32867?
8
What is the hundreds digit of 11407?
4
What is the thousands digit of 5008?
5
What is the units digit of 8871?
1
What is the hundreds digit of 20778?
7
What is the hundreds digit of 773?
7
What is the units digit of 394?
4
What is the hundreds digit of 1621?
6
What is the units digit of 151477?
7
What is the tens digit of 15759?
5
What is the hundreds digit of 3507?
5
What is the tens digit of 23327?
2
What is the thousands digit of 3234?
3
What is the thousands digit of 60291?
0
What is the units digit of 56264?
4
What is the hundreds digit of 60171?
1
What is the units digit of 105792?
2
What is the units digit of 1008?
8
What is the tens digit of 532?
3
What is the hundreds digit of 3240?
2
What is the units digit of 32541?
1
What is the thousands digit of 201870?
1
What is the units digit of 681?
1
What is the thousands digit of 4181?
4
What is the hundreds digit of 6476?
4
What is the tens digit of 2150?
5
What is the hundreds digit of 3483?
4
What is the tens digit of 4710?
1
What is the units digit of 114580?
0
What is the units digit of 5257?
7
What is the hundreds digit of 5388?
3
What is the ten thousands digit of 44275?
4
What is the tens digit of 384?
8
What is the thousands digit of 1388?
1
What is the thousands digit of 3069?
3
What is the units digit of 79348?
8
What is the tens digit of 1529?
2
What is the units digit of 1669?
9
What is the units digit of 423?
3
What is the tens digit of 57?
5
What is the tens digit of 43755?
5
What is the units digit of 23124?
4
What is the tens digit of 28551?
5
What is the ten thousands digit of 22743?
2
What is the thousands digit of 35340?
5
What is the ten thousands digit of 65173?
6
What is the units digit of 542?
2
What is the thousands digit of 1715?
1
What is the tens digit of 1038?
3
What is the ten thousands digit of 15840?
1
What is the tens digit of 3554?
5
What is the hundreds digit of 2908?
9
What is the thousands digit of 8042?
8
What is the hundreds digit of 13655?
6
What is the tens digit of 1216?
1
What is the tens digit of 4914?
1
What is the hundreds digit of 865?
8
What is the thousands digit of 5056?
5
What is the hundreds digit of 9444?
4
What is the hundreds digit of 30087?
0
What is the units digit of 87262?
2
What is the hundreds digit of 2672?
6
What is the tens digit of 599?
9
What is the hundreds digit of 63392?
3
What is the hundreds digit of 761?
7
What is the hundreds digit of 4812?
8
What is the tens digit of 16675?
7
What is the units digit of 61467?
7
What is the units digit of 501?
1
What is the thousands digit of 40147?
0
What is the hundreds digit of 33172?
1
What is the thousands digit of 13034?
3
What is the hundreds digit of 1213?
2
What is the tens digit of 21859?
5
What is the hundreds digit of 809?
8
What is the hundreds digit of 233?
2
What is the hundreds digit of 224?
2
What is the thousands digit of 4749?
4
What is the tens digit of 1817?
1
What is the units digit of 580?
0
What is the hundred thousands digit of 141836?
1
What is the ten thousands digit of 96492?
9
What is the hundreds digit of 17952?
9
What is the thousands digit of 14594?
4
What is the tens digit of 7348?
4
What is the thousands digit of 30788?
0
What is the hundreds digit of 2972?
9
What is the hundreds digit of 8394?
3
What is the thousands digit of 71128?
1
What is the hundreds digit of 789?
7
What is the tens digit of 12652?
5
What is the ten thousands digit of 14048?
1
What is the thousands digit of 5328?
5
What is the tens digit of 35937?
3
What is the tens digit of 8804?
0
What is the tens digit of 29038?
3
What is the hundreds digit of 71419?
4
What is the units digit of 49057?
7
What is the units digit of 1532?
2
What is the hundreds digit of 4269?
2
What is the hundreds digit of 415?
4
What is the tens digit of 17549?
4
What is the units digit of 10056?
6
What is the ten thousands digit of 73302?
7
What is the units digit of 8705?
5
What is the hundreds digit of 36466?
4
What is the thousands digit of 4706?
4
What is the units digit of 1155?
5
What is the units digit of 1925?
5
What is the ten thousands digit of 13529?
1
What is the thousands digit of 5745?
5
What is the tens digit of 589?
8
What is the ten thousands digit of 98809?
9
What is the units digit of 5137?
7
What is the units digit of 670?
0
What is the thousands digit of 6639?
6
What is the ten thousands digit of 62766?
6
What is the thousands digit of 10098?
0
What is the tens digit of 5770?
7
What is the tens digit of 898?
9
What is the thousands digit of 9337?
9
What is the units digit of 5450?
0
What is the hundreds digit of 22770?
7
What is the hundreds digit of 4040?
0
What is the thousands digit of 3355?
3
What is the thousands digit of 16417?
6
What is the tens digit of 2209?
0
What is the hundreds digit of 1400?
4
What is the thousands digit of 1869?
1
What is the hundreds digit of 2561?
5
What is the tens digit of 1845?
4
What is the thousands digit of 2580?
2
What is the ten thousands digit of 10983?
1
What is the units digit of 2159?
9
What is the thousands digit of 4417?
4
What is the hundreds digit of 12721?
7
What is the hundreds digit of 21210?
2
What is the ten thousands digit of 47169?
4
What is the tens digit of 1644?
4
What i